{"id":240,"date":"2025-12-27T14:26:02","date_gmt":"2025-12-27T14:26:02","guid":{"rendered":"http:\/\/espcoaching.fr\/?page_id=240"},"modified":"2025-12-27T15:21:16","modified_gmt":"2025-12-27T15:21:16","slug":"bilan-et-coaching-personnalise","status":"publish","type":"page","link":"https:\/\/espcoaching.fr\/index.php\/bilan-et-coaching-personnalise\/","title":{"rendered":"Bilan et coaching personnalis\u00e9"},"content":{"rendered":"\t\t<div data-elementor-type=\"wp-page\" data-elementor-id=\"240\" class=\"elementor elementor-240\">\n\t\t\t\t<div class=\"elementor-element elementor-element-9e6878c e-con-full e-flex e-con e-parent\" data-id=\"9e6878c\" data-element_type=\"container\">\n\t\t\t\t<div class=\"elementor-element elementor-element-cfa844e elementor-widget elementor-widget-image\" data-id=\"cfa844e\" data-element_type=\"widget\" data-widget_type=\"image.default\">\n\t\t\t\t\t\t\t\t\t\t\t\t\t\t\t<img fetchpriority=\"high\" decoding=\"async\" width=\"768\" height=\"161\" src=\"https:\/\/espcoaching.fr\/wp-content\/uploads\/2025\/12\/Sans-titre-3-768x161.png\" class=\"attachment-medium_large size-medium_large wp-image-213\" alt=\"\" srcset=\"https:\/\/espcoaching.fr\/wp-content\/uploads\/2025\/12\/Sans-titre-3-768x161.png 768w, https:\/\/espcoaching.fr\/wp-content\/uploads\/2025\/12\/Sans-titre-3-300x63.png 300w, https:\/\/espcoaching.fr\/wp-content\/uploads\/2025\/12\/Sans-titre-3-1024x215.png 1024w, https:\/\/espcoaching.fr\/wp-content\/uploads\/2025\/12\/Sans-titre-3-600x126.png 600w, https:\/\/espcoaching.fr\/wp-content\/uploads\/2025\/12\/Sans-titre-3.png 1499w\" sizes=\"(max-width: 768px) 100vw, 768px\" \/>\t\t\t\t\t\t\t\t\t\t\t\t\t\t\t<\/div>\n\t\t\t\t<div class=\"elementor-element elementor-element-c8065e4 elementor-widget__width-initial elementor-widget elementor-widget-text-editor\" data-id=\"c8065e4\" data-element_type=\"widget\" data-widget_type=\"text-editor.default\">\n\t\t\t\t\t\t\t\t\t<p>Vous voulez <strong data-start=\"122\" data-end=\"146\">d\u00e9passer vos limites<\/strong> et <strong data-start=\"150\" data-end=\"177\">atteindre vos objectifs<\/strong> ? Avec mon <strong data-start=\"189\" data-end=\"214\">coaching personnalis\u00e9<\/strong>, chaque <strong data-start=\"223\" data-end=\"233\">s\u00e9ance<\/strong> est con\u00e7ue autour de vous, de votre <strong data-start=\"270\" data-end=\"280\">niveau<\/strong>, de votre <strong data-start=\"291\" data-end=\"301\">rythme<\/strong> et de vos <strong data-start=\"312\" data-end=\"323\">besoins<\/strong>. Je vous <strong data-start=\"333\" data-end=\"342\">guide<\/strong>, <strong data-start=\"344\" data-end=\"366\">corrige vos gestes<\/strong> et vous <strong data-start=\"375\" data-end=\"385\">motive<\/strong> \u00e0 chaque \u00e9tape pour transformer vos <strong data-start=\"422\" data-end=\"433\">efforts<\/strong> en <strong data-start=\"437\" data-end=\"459\">r\u00e9sultats concrets<\/strong>. Ensemble, nous construisons votre <strong data-start=\"495\" data-end=\"510\">progression<\/strong>, renfor\u00e7ons votre <strong data-start=\"529\" data-end=\"538\">corps<\/strong> et installons des <strong data-start=\"557\" data-end=\"579\">habitudes durables<\/strong>, pour que vous preniez <strong data-start=\"603\" data-end=\"624\">confiance en vous<\/strong> et tiriez le meilleur de chaque <strong data-start=\"657\" data-end=\"673\">entra\u00eenement<\/strong>.<\/p>\t\t\t\t\t\t\t\t<\/div>\n\t\t\t\t<\/div>\n\t\t<div class=\"elementor-element elementor-element-08e3614 e-con-full e-flex e-con e-parent\" data-id=\"08e3614\" data-element_type=\"container\">\n\t\t<div class=\"elementor-element elementor-element-18799c0 e-con-full e-flex e-con e-child\" data-id=\"18799c0\" data-element_type=\"container\">\n\t\t\t\t<div class=\"elementor-element elementor-element-22f09c3 elementor-widget__width-initial elementor-widget elementor-widget-image\" data-id=\"22f09c3\" data-element_type=\"widget\" data-widget_type=\"image.default\">\n\t\t\t\t\t\t\t\t\t\t\t\t\t\t\t<img decoding=\"async\" width=\"750\" height=\"550\" src=\"https:\/\/espcoaching.fr\/wp-content\/uploads\/2025\/12\/Sans-titre-7.png\" class=\"attachment-large size-large wp-image-260\" alt=\"\" srcset=\"https:\/\/espcoaching.fr\/wp-content\/uploads\/2025\/12\/Sans-titre-7.png 750w, https:\/\/espcoaching.fr\/wp-content\/uploads\/2025\/12\/Sans-titre-7-300x220.png 300w, https:\/\/espcoaching.fr\/wp-content\/uploads\/2025\/12\/Sans-titre-7-600x440.png 600w\" sizes=\"(max-width: 750px) 100vw, 750px\" \/>\t\t\t\t\t\t\t\t\t\t\t\t\t\t\t<\/div>\n\t\t\t\t<div class=\"elementor-element elementor-element-f4f4a65 elementor-widget elementor-widget-text-editor\" data-id=\"f4f4a65\" data-element_type=\"widget\" data-widget_type=\"text-editor.default\">\n\t\t\t\t\t\t\t\t\t<p>Apr\u00e8s avoir rempli le formulaire, je vous contacterai pour un premier \u00e9change afin de d\u00e9finir vos <strong data-start=\"175\" data-end=\"188\">objectifs<\/strong>. Nous fixerons ensuite un <strong data-start=\"215\" data-end=\"230\">rendez-vous<\/strong> pour r\u00e9aliser votre <strong data-start=\"251\" data-end=\"274\">bilan forme complet<\/strong> et poser ensemble les bases de votre <strong data-start=\"312\" data-end=\"338\">programme personnalis\u00e9<\/strong>, pour commencer d\u00e8s maintenant \u00e0 atteindre vos <strong data-start=\"386\" data-end=\"399\">objectifs<\/strong>.<\/p>\t\t\t\t\t\t\t\t<\/div>\n\t\t\t\t<\/div>\n\t\t<div class=\"elementor-element elementor-element-dafb8d9 e-con-full e-flex e-con e-child\" data-id=\"dafb8d9\" data-element_type=\"container\">\n\t\t\t\t<div class=\"elementor-element elementor-element-420db50 elementor-widget elementor-widget-image\" data-id=\"420db50\" data-element_type=\"widget\" data-widget_type=\"image.default\">\n\t\t\t\t\t\t\t\t\t\t\t\t\t\t\t<img decoding=\"async\" width=\"750\" height=\"550\" src=\"https:\/\/espcoaching.fr\/wp-content\/uploads\/2025\/12\/Sans-titre-8.png\" class=\"attachment-large size-large wp-image-261\" alt=\"\" srcset=\"https:\/\/espcoaching.fr\/wp-content\/uploads\/2025\/12\/Sans-titre-8.png 750w, https:\/\/espcoaching.fr\/wp-content\/uploads\/2025\/12\/Sans-titre-8-300x220.png 300w, https:\/\/espcoaching.fr\/wp-content\/uploads\/2025\/12\/Sans-titre-8-600x440.png 600w\" sizes=\"(max-width: 750px) 100vw, 750px\" \/>\t\t\t\t\t\t\t\t\t\t\t\t\t\t\t<\/div>\n\t\t\t\t<div class=\"elementor-element elementor-element-10657af elementor-widget elementor-widget-text-editor\" data-id=\"10657af\" data-element_type=\"widget\" data-widget_type=\"text-editor.default\">\n\t\t\t\t\t\t\t\t\t<p>Lors de votre <strong data-start=\"137\" data-end=\"152\">bilan forme<\/strong>, je prends le temps d\u2019analyser pr\u00e9cis\u00e9ment vos <strong data-start=\"200\" data-end=\"213\">objectifs<\/strong>, vos <strong data-start=\"219\" data-end=\"234\">motivations<\/strong> et les <strong data-start=\"242\" data-end=\"255\">obstacles<\/strong> que vous rencontrez. Vous verrez concr\u00e8tement comment un <strong data-start=\"313\" data-end=\"341\">accompagnement structur\u00e9<\/strong> peut vous permettre de <strong data-start=\"365\" data-end=\"392\">progresser efficacement<\/strong> et de mani\u00e8re <strong data-start=\"407\" data-end=\"418\">durable<\/strong>.\u00c0 la fin du bilan, je vous propose un <strong data-start=\"460\" data-end=\"481\">plan personnalis\u00e9<\/strong>, enti\u00e8rement adapt\u00e9 \u00e0 vos <strong data-start=\"508\" data-end=\"521\">ambitions<\/strong> et \u00e0 vos <strong data-start=\"531\" data-end=\"542\">besoins<\/strong>, pour que vous puissiez commencer \u00e0 avancer avec <strong data-start=\"592\" data-end=\"605\">confiance<\/strong> et <strong data-start=\"609\" data-end=\"623\">motivation<\/strong>.<\/p><p>\u00a0<\/p>\t\t\t\t\t\t\t\t<\/div>\n\t\t\t\t<div class=\"elementor-element elementor-element-929bcf6 elementor-align-center elementor-widget elementor-widget-button\" data-id=\"929bcf6\" data-element_type=\"widget\" data-widget_type=\"button.default\">\n\t\t\t\t\t\t\t\t\t\t<a class=\"elementor-button elementor-button-link elementor-size-sm\" href=\"http:\/\/espcoaching.fr\/index.php\/contact\/\">\n\t\t\t\t\t\t<span class=\"elementor-button-content-wrapper\">\n\t\t\t\t\t\t\t\t\t<span class=\"elementor-button-text\">Je veux un coaching personnalis\u00e9<\/span>\n\t\t\t\t\t<\/span>\n\t\t\t\t\t<\/a>\n\t\t\t\t\t\t\t\t<\/div>\n\t\t\t\t<\/div>\n\t\t<div class=\"elementor-element elementor-element-bb60607 e-con-full e-flex e-con e-child\" data-id=\"bb60607\" data-element_type=\"container\">\n\t\t\t\t<div class=\"elementor-element elementor-element-1be7220 elementor-widget__width-initial elementor-widget elementor-widget-image\" data-id=\"1be7220\" data-element_type=\"widget\" data-widget_type=\"image.default\">\n\t\t\t\t\t\t\t\t\t\t\t\t\t\t\t<img loading=\"lazy\" decoding=\"async\" width=\"750\" height=\"550\" src=\"https:\/\/espcoaching.fr\/wp-content\/uploads\/2025\/12\/Sans-titre-9.png\" class=\"attachment-large size-large wp-image-262\" alt=\"\" srcset=\"https:\/\/espcoaching.fr\/wp-content\/uploads\/2025\/12\/Sans-titre-9.png 750w, https:\/\/espcoaching.fr\/wp-content\/uploads\/2025\/12\/Sans-titre-9-300x220.png 300w, https:\/\/espcoaching.fr\/wp-content\/uploads\/2025\/12\/Sans-titre-9-600x440.png 600w\" sizes=\"(max-width: 750px) 100vw, 750px\" \/>\t\t\t\t\t\t\t\t\t\t\t\t\t\t\t<\/div>\n\t\t\t\t<div class=\"elementor-element elementor-element-7098ce7 elementor-widget elementor-widget-text-editor\" data-id=\"7098ce7\" data-element_type=\"widget\" data-widget_type=\"text-editor.default\">\n\t\t\t\t\t\t\t\t\t<p>Vous int\u00e9grez mon <strong data-start=\"156\" data-end=\"203\">programme de coaching sportif individualis\u00e9<\/strong>. Vous b\u00e9n\u00e9ficiez d\u2019un <strong data-start=\"226\" data-end=\"243\">suivi premium<\/strong> et de <strong data-start=\"250\" data-end=\"271\">s\u00e9ances encadr\u00e9es<\/strong>, con\u00e7ues pour vous permettre d\u2019obtenir des <strong data-start=\"315\" data-end=\"337\">r\u00e9sultats concrets<\/strong> d\u00e8s les premi\u00e8res semaines<\/p>\t\t\t\t\t\t\t\t<\/div>\n\t\t\t\t<\/div>\n\t\t\t\t<\/div>\n\t\t\t\t<\/div>\n\t\t","protected":false},"excerpt":{"rendered":"<p>Vous voulez d\u00e9passer vos limites et atteindre vos objectifs ? Avec mon coaching personnalis\u00e9, chaque s\u00e9ance est con\u00e7ue autour de [&hellip;]<\/p>\n","protected":false},"author":1,"featured_media":0,"parent":0,"menu_order":1,"comment_status":"closed","ping_status":"closed","template":"","meta":{"site-sidebar-layout":"no-sidebar","site-content-layout":"","ast-site-content-layout":"full-width-container","site-content-style":"default","site-sidebar-style":"default","ast-global-header-display":"","ast-banner-title-visibility":"","ast-main-header-display":"","ast-hfb-above-header-display":"","ast-hfb-below-header-display":"","ast-hfb-mobile-header-display":"","site-post-title":"disabled","ast-breadcrumbs-content":"","ast-featured-img":"disabled","footer-sml-layout":"","ast-disable-related-posts":"","theme-transparent-header-meta":"","adv-header-id-meta":"","stick-header-meta":"","header-above-stick-meta":"","header-main-stick-meta":"","header-below-stick-meta":"","astra-migrate-meta-layouts":"default","ast-page-background-enabled":"default","ast-page-background-meta":{"desktop":{"background-color":"var(--ast-global-color-5)","background-image":"","background-repeat":"repeat","background-position":"center center","background-size":"auto","background-attachment":"scroll","background-type":"","background-media":"","overlay-type":"","overlay-color":"","overlay-opacity":"","overlay-gradient":""},"tablet":{"background-color":"","background-image":"","background-repeat":"repeat","background-position":"center center","background-size":"auto","background-attachment":"scroll","background-type":"","background-media":"","overlay-type":"","overlay-color":"","overlay-opacity":"","overlay-gradient":""},"mobile":{"background-color":"","background-image":"","background-repeat":"repeat","background-position":"center center","background-size":"auto","background-attachment":"scroll","background-type":"","background-media":"","overlay-type":"","overlay-color":"","overlay-opacity":"","overlay-gradient":""}},"ast-content-background-meta":{"desktop":{"background-color":"var(--ast-global-color-4)","background-image":"","background-repeat":"repeat","background-position":"center center","background-size":"auto","background-attachment":"scroll","background-type":"","background-media":"","overlay-type":"","overlay-color":"","overlay-opacity":"","overlay-gradient":""},"tablet":{"background-color":"var(--ast-global-color-4)","background-image":"","background-repeat":"repeat","background-position":"center center","background-size":"auto","background-attachment":"scroll","background-type":"","background-media":"","overlay-type":"","overlay-color":"","overlay-opacity":"","overlay-gradient":""},"mobile":{"background-color":"var(--ast-global-color-4)","background-image":"","background-repeat":"repeat","background-position":"center center","background-size":"auto","background-attachment":"scroll","background-type":"","background-media":"","overlay-type":"","overlay-color":"","overlay-opacity":"","overlay-gradient":""}},"footnotes":""},"class_list":["post-240","page","type-page","status-publish","hentry"],"_links":{"self":[{"href":"https:\/\/espcoaching.fr\/index.php\/wp-json\/wp\/v2\/pages\/240","targetHints":{"allow":["GET"]}}],"collection":[{"href":"https:\/\/espcoaching.fr\/index.php\/wp-json\/wp\/v2\/pages"}],"about":[{"href":"https:\/\/espcoaching.fr\/index.php\/wp-json\/wp\/v2\/types\/page"}],"author":[{"embeddable":true,"href":"https:\/\/espcoaching.fr\/index.php\/wp-json\/wp\/v2\/users\/1"}],"replies":[{"embeddable":true,"href":"https:\/\/espcoaching.fr\/index.php\/wp-json\/wp\/v2\/comments?post=240"}],"version-history":[{"count":24,"href":"https:\/\/espcoaching.fr\/index.php\/wp-json\/wp\/v2\/pages\/240\/revisions"}],"predecessor-version":[{"id":288,"href":"https:\/\/espcoaching.fr\/index.php\/wp-json\/wp\/v2\/pages\/240\/revisions\/288"}],"wp:attachment":[{"href":"https:\/\/espcoaching.fr\/index.php\/wp-json\/wp\/v2\/media?parent=240"}],"curies":[{"name":"wp","href":"https:\/\/api.w.org\/{rel}","templated":true}]}}