{"id":147,"date":"2025-12-26T16:16:02","date_gmt":"2025-12-26T16:16:02","guid":{"rendered":"http:\/\/espcoaching.fr\/?page_id=147"},"modified":"2025-12-28T09:44:42","modified_gmt":"2025-12-28T09:44:42","slug":"bienvenue","status":"publish","type":"page","link":"https:\/\/espcoaching.fr\/","title":{"rendered":"Bienvenue"},"content":{"rendered":"\t\t<div data-elementor-type=\"wp-page\" data-elementor-id=\"147\" class=\"elementor elementor-147\">\n\t\t\t\t<div class=\"elementor-element elementor-element-d035295 e-con-full e-flex e-con e-parent\" data-id=\"d035295\" data-element_type=\"container\">\n\t\t\t\t<div class=\"elementor-element elementor-element-fa5036e elementor-widget__width-initial elementor-invisible elementor-widget elementor-widget-image\" data-id=\"fa5036e\" data-element_type=\"widget\" data-settings=\"{&quot;_animation&quot;:&quot;fadeInDown&quot;}\" data-widget_type=\"image.default\">\n\t\t\t\t\t\t\t\t\t\t\t\t\t\t\t<img fetchpriority=\"high\" decoding=\"async\" width=\"842\" height=\"595\" src=\"http:\/\/espcoaching.fr\/wp-content\/uploads\/2025\/12\/Titre-1.png\" class=\"attachment-1536x1536 size-1536x1536 wp-image-289\" alt=\"\" srcset=\"http:\/\/espcoaching.fr\/wp-content\/uploads\/2025\/12\/Titre-1.png 842w, http:\/\/espcoaching.fr\/wp-content\/uploads\/2025\/12\/Titre-1-300x212.png 300w, http:\/\/espcoaching.fr\/wp-content\/uploads\/2025\/12\/Titre-1-768x543.png 768w, http:\/\/espcoaching.fr\/wp-content\/uploads\/2025\/12\/Titre-1-600x424.png 600w\" sizes=\"(max-width: 842px) 100vw, 842px\" \/>\t\t\t\t\t\t\t\t\t\t\t\t\t\t\t<\/div>\n\t\t\t\t<div class=\"elementor-element elementor-element-4abafa2 elementor-widget elementor-widget-image\" data-id=\"4abafa2\" data-element_type=\"widget\" data-widget_type=\"image.default\">\n\t\t\t\t\t\t\t\t\t\t\t\t\t\t\t<img decoding=\"async\" width=\"1024\" height=\"538\" src=\"http:\/\/espcoaching.fr\/wp-content\/uploads\/2025\/12\/Titre-2-2-1024x538.png\" class=\"attachment-large size-large wp-image-208\" alt=\"\" srcset=\"http:\/\/espcoaching.fr\/wp-content\/uploads\/2025\/12\/Titre-2-2-1024x538.png 1024w, http:\/\/espcoaching.fr\/wp-content\/uploads\/2025\/12\/Titre-2-2-300x158.png 300w, http:\/\/espcoaching.fr\/wp-content\/uploads\/2025\/12\/Titre-2-2-768x404.png 768w, http:\/\/espcoaching.fr\/wp-content\/uploads\/2025\/12\/Titre-2-2-600x315.png 600w, http:\/\/espcoaching.fr\/wp-content\/uploads\/2025\/12\/Titre-2-2.png 1499w\" sizes=\"(max-width: 1024px) 100vw, 1024px\" \/>\t\t\t\t\t\t\t\t\t\t\t\t\t\t\t<\/div>\n\t\t\t\t<div class=\"elementor-element elementor-element-49ed733 elementor-widget-divider--view-line elementor-widget elementor-widget-divider\" data-id=\"49ed733\" data-element_type=\"widget\" data-widget_type=\"divider.default\">\n\t\t\t\t\t\t\t<div class=\"elementor-divider\">\n\t\t\t<span class=\"elementor-divider-separator\">\n\t\t\t\t\t\t<\/span>\n\t\t<\/div>\n\t\t\t\t\t\t<\/div>\n\t\t\t\t<\/div>\n\t\t<div class=\"elementor-element elementor-element-fd30976 e-con-full e-flex e-con e-parent\" data-id=\"fd30976\" data-element_type=\"container\" data-settings=\"{&quot;shape_divider_top&quot;:&quot;curve&quot;,&quot;shape_divider_top_negative&quot;:&quot;yes&quot;}\">\n\t\t\t\t<div class=\"elementor-shape elementor-shape-top\" aria-hidden=\"true\" data-negative=\"true\">\n\t\t\t<svg xmlns=\"http:\/\/www.w3.org\/2000\/svg\" viewBox=\"0 0 1000 100\" preserveAspectRatio=\"none\">\n\t<path class=\"elementor-shape-fill\" d=\"M500,97C126.7,96.3,0.8,19.8,0,0v100l1000,0V1C1000,19.4,873.3,97.8,500,97z\"\/>\n<\/svg>\t\t<\/div>\n\t\t\t\t<div class=\"elementor-element elementor-element-ccb7181 elementor-widget elementor-widget-image\" data-id=\"ccb7181\" data-element_type=\"widget\" data-widget_type=\"image.default\">\n\t\t\t\t\t\t\t\t\t\t\t\t\t\t\t<img decoding=\"async\" width=\"768\" height=\"161\" src=\"http:\/\/espcoaching.fr\/wp-content\/uploads\/2025\/12\/Sans-titre-3-768x161.png\" class=\"attachment-medium_large size-medium_large wp-image-213\" alt=\"\" srcset=\"http:\/\/espcoaching.fr\/wp-content\/uploads\/2025\/12\/Sans-titre-3-768x161.png 768w, http:\/\/espcoaching.fr\/wp-content\/uploads\/2025\/12\/Sans-titre-3-300x63.png 300w, http:\/\/espcoaching.fr\/wp-content\/uploads\/2025\/12\/Sans-titre-3-1024x215.png 1024w, http:\/\/espcoaching.fr\/wp-content\/uploads\/2025\/12\/Sans-titre-3-600x126.png 600w, http:\/\/espcoaching.fr\/wp-content\/uploads\/2025\/12\/Sans-titre-3.png 1499w\" sizes=\"(max-width: 768px) 100vw, 768px\" \/>\t\t\t\t\t\t\t\t\t\t\t\t\t\t\t<\/div>\n\t\t\t\t<div class=\"elementor-element elementor-element-0942186 elementor-widget elementor-widget-spacer\" data-id=\"0942186\" data-element_type=\"widget\" data-widget_type=\"spacer.default\">\n\t\t\t\t\t\t\t<div class=\"elementor-spacer\">\n\t\t\t<div class=\"elementor-spacer-inner\"><\/div>\n\t\t<\/div>\n\t\t\t\t\t\t<\/div>\n\t\t\t\t<\/div>\n\t\t<div class=\"elementor-element elementor-element-e0e5567 e-con-full e-flex e-con e-parent\" data-id=\"e0e5567\" data-element_type=\"container\">\n\t\t<div class=\"elementor-element elementor-element-d9776a1 e-con-full e-flex e-con e-child\" data-id=\"d9776a1\" data-element_type=\"container\">\n\t\t\t\t<div class=\"elementor-element elementor-element-f26313a elementor-widget__width-initial elementor-widget elementor-widget-image\" data-id=\"f26313a\" data-element_type=\"widget\" data-widget_type=\"image.default\">\n\t\t\t\t\t\t\t\t\t\t\t\t\t\t\t<img loading=\"lazy\" decoding=\"async\" width=\"683\" height=\"1024\" src=\"http:\/\/espcoaching.fr\/wp-content\/uploads\/2025\/12\/portrait-en-noir-et-blanc-d-un-athlete-participant-aux-championnats-olympiques-1-683x1024.jpg\" class=\"attachment-large size-large wp-image-110\" alt=\"\" srcset=\"http:\/\/espcoaching.fr\/wp-content\/uploads\/2025\/12\/portrait-en-noir-et-blanc-d-un-athlete-participant-aux-championnats-olympiques-1-683x1024.jpg 683w, http:\/\/espcoaching.fr\/wp-content\/uploads\/2025\/12\/portrait-en-noir-et-blanc-d-un-athlete-participant-aux-championnats-olympiques-1-scaled-600x900.jpg 600w, http:\/\/espcoaching.fr\/wp-content\/uploads\/2025\/12\/portrait-en-noir-et-blanc-d-un-athlete-participant-aux-championnats-olympiques-1-200x300.jpg 200w, http:\/\/espcoaching.fr\/wp-content\/uploads\/2025\/12\/portrait-en-noir-et-blanc-d-un-athlete-participant-aux-championnats-olympiques-1-768x1152.jpg 768w, http:\/\/espcoaching.fr\/wp-content\/uploads\/2025\/12\/portrait-en-noir-et-blanc-d-un-athlete-participant-aux-championnats-olympiques-1-1024x1536.jpg 1024w, http:\/\/espcoaching.fr\/wp-content\/uploads\/2025\/12\/portrait-en-noir-et-blanc-d-un-athlete-participant-aux-championnats-olympiques-1-1365x2048.jpg 1365w, http:\/\/espcoaching.fr\/wp-content\/uploads\/2025\/12\/portrait-en-noir-et-blanc-d-un-athlete-participant-aux-championnats-olympiques-1-scaled.jpg 1707w\" sizes=\"(max-width: 683px) 100vw, 683px\" \/>\t\t\t\t\t\t\t\t\t\t\t\t\t\t\t<\/div>\n\t\t\t\t<\/div>\n\t\t<div class=\"elementor-element elementor-element-1d4e34c e-con-full e-flex e-con e-child\" data-id=\"1d4e34c\" data-element_type=\"container\">\n\t\t\t\t<div class=\"elementor-element elementor-element-4874298 elementor-widget__width-initial elementor-widget elementor-widget-heading\" data-id=\"4874298\" data-element_type=\"widget\" data-widget_type=\"heading.default\">\n\t\t\t\t\t<h2 class=\"elementor-heading-title elementor-size-default\">Coaching personnalis\u00e9<\/h2>\t\t\t\t<\/div>\n\t\t\t\t<div class=\"elementor-element elementor-element-aedb6a2 elementor-widget__width-initial elementor-widget elementor-widget-text-editor\" data-id=\"aedb6a2\" data-element_type=\"widget\" data-widget_type=\"text-editor.default\">\n\t\t\t\t\t\t\t\t\t<p>Chaque s\u00e9ance est soigneusement pens\u00e9e pour vous, <strong>en fonction de vos capacit\u00e9s, de vos objectifs et de votre rythme de vie.<\/strong> Je vous accompagne pas \u00e0 pas, en corrigeant vos gestes pour garantir une pratique s\u00e9curis\u00e9e et efficace. <strong>Ensemble, nous travaillons sur votre progression, votre endurance et votre force<\/strong>, tout en vous aidant \u00e0 instaurer des habitudes durables qui vous permettront de maintenir vos r\u00e9sultats sur le long terme.<\/p>\n<p>Mon r\u00f4le est de vous <strong>motiver \u00e0 chaque \u00e9tape, de transformer vos efforts en progr\u00e8s concrets et de vous donner confiance en vos capacit\u00e9s<\/strong>, afin que chaque entra\u00eenement devienne un vrai moment de satisfaction et de bien-\u00eatre.<\/p>\t\t\t\t\t\t\t\t<\/div>\n\t\t\t\t<div class=\"elementor-element elementor-element-bd1ac7d elementor-widget elementor-widget-button\" data-id=\"bd1ac7d\" data-element_type=\"widget\" data-widget_type=\"button.default\">\n\t\t\t\t\t\t\t\t\t\t<a class=\"elementor-button elementor-button-link elementor-size-sm\" href=\"http:\/\/espcoaching.fr\/index.php\/contact\/#\">\n\t\t\t\t\t\t<span class=\"elementor-button-content-wrapper\">\n\t\t\t\t\t\t\t\t\t<span class=\"elementor-button-text\">Je souhaite un coaching personnalis\u00e9<\/span>\n\t\t\t\t\t<\/span>\n\t\t\t\t\t<\/a>\n\t\t\t\t\t\t\t\t<\/div>\n\t\t\t\t<\/div>\n\t\t\t\t<\/div>\n\t\t<div class=\"elementor-element elementor-element-08c6bed e-flex e-con-boxed e-con e-parent\" data-id=\"08c6bed\" data-element_type=\"container\">\n\t\t\t\t\t<div class=\"e-con-inner\">\n\t\t\t\t<div class=\"elementor-element elementor-element-3367177 elementor-widget-divider--view-line elementor-widget elementor-widget-divider\" data-id=\"3367177\" data-element_type=\"widget\" data-widget_type=\"divider.default\">\n\t\t\t\t\t\t\t<div class=\"elementor-divider\">\n\t\t\t<span class=\"elementor-divider-separator\">\n\t\t\t\t\t\t<\/span>\n\t\t<\/div>\n\t\t\t\t\t\t<\/div>\n\t\t\t\t\t<\/div>\n\t\t\t\t<\/div>\n\t\t<div class=\"elementor-element elementor-element-d32c23a e-con-full e-flex e-con e-parent\" data-id=\"d32c23a\" data-element_type=\"container\">\n\t\t<div class=\"elementor-element elementor-element-958184b e-con-full e-flex e-con e-child\" data-id=\"958184b\" data-element_type=\"container\">\n\t\t\t\t<div class=\"elementor-element elementor-element-a756be2 elementor-widget__width-initial elementor-widget elementor-widget-heading\" data-id=\"a756be2\" data-element_type=\"widget\" data-widget_type=\"heading.default\">\n\t\t\t\t\t<h2 class=\"elementor-heading-title elementor-size-default\">Nutrition<\/h2>\t\t\t\t<\/div>\n\t\t\t\t<div class=\"elementor-element elementor-element-76bfeb7 elementor-widget__width-initial elementor-widget elementor-widget-text-editor\" data-id=\"76bfeb7\" data-element_type=\"widget\" data-widget_type=\"text-editor.default\">\n\t\t\t\t\t\t\t\t\t<p>Je vous accompagne avec une approche nutritionnelle simple et flexible, pens\u00e9e pour s\u2019adapter \u00e0 vos go\u00fbts, vos contraintes et vos objectifs. Je mets en place un programme sur mesure, incluant une liste de repas personnalis\u00e9e avec le d\u00e9tail des apports en calories et en nutriments. L\u2019objectif est de vous permettre de manger avec plaisir tout en avan\u00e7ant efficacement vers vos r\u00e9sultats. Gr\u00e2ce \u00e0 des conseils clairs et des ressources exclusives, je vous aide \u00e0 mieux comprendre votre alimentation et \u00e0 faire des choix \u00e9clair\u00e9s, durables et adapt\u00e9s \u00e0 votre quotidien.<\/p><p>Mon r\u00f4le est de vous <strong>motiver \u00e0 chaque \u00e9tape, de transformer vos efforts en progr\u00e8s concrets et de vous donner confiance en vos capacit\u00e9s<\/strong>, afin que chaque entra\u00eenement devienne un vrai moment de satisfaction et de bien-\u00eatre.<\/p>\t\t\t\t\t\t\t\t<\/div>\n\t\t\t\t<\/div>\n\t\t<div class=\"elementor-element elementor-element-04ab289 e-con-full e-flex e-con e-child\" data-id=\"04ab289\" data-element_type=\"container\">\n\t\t\t\t<div class=\"elementor-element elementor-element-54e9efb elementor-widget__width-initial elementor-widget elementor-widget-image\" data-id=\"54e9efb\" data-element_type=\"widget\" data-widget_type=\"image.default\">\n\t\t\t\t\t\t\t\t\t\t\t\t\t\t\t<img loading=\"lazy\" decoding=\"async\" width=\"683\" height=\"1024\" src=\"http:\/\/espcoaching.fr\/wp-content\/uploads\/2025\/12\/portrait-en-noir-et-blanc-d-un-athlete-participant-aux-championnats-olympiques-1-683x1024.jpg\" class=\"attachment-large size-large wp-image-110\" alt=\"\" srcset=\"http:\/\/espcoaching.fr\/wp-content\/uploads\/2025\/12\/portrait-en-noir-et-blanc-d-un-athlete-participant-aux-championnats-olympiques-1-683x1024.jpg 683w, http:\/\/espcoaching.fr\/wp-content\/uploads\/2025\/12\/portrait-en-noir-et-blanc-d-un-athlete-participant-aux-championnats-olympiques-1-scaled-600x900.jpg 600w, http:\/\/espcoaching.fr\/wp-content\/uploads\/2025\/12\/portrait-en-noir-et-blanc-d-un-athlete-participant-aux-championnats-olympiques-1-200x300.jpg 200w, http:\/\/espcoaching.fr\/wp-content\/uploads\/2025\/12\/portrait-en-noir-et-blanc-d-un-athlete-participant-aux-championnats-olympiques-1-768x1152.jpg 768w, http:\/\/espcoaching.fr\/wp-content\/uploads\/2025\/12\/portrait-en-noir-et-blanc-d-un-athlete-participant-aux-championnats-olympiques-1-1024x1536.jpg 1024w, http:\/\/espcoaching.fr\/wp-content\/uploads\/2025\/12\/portrait-en-noir-et-blanc-d-un-athlete-participant-aux-championnats-olympiques-1-1365x2048.jpg 1365w, http:\/\/espcoaching.fr\/wp-content\/uploads\/2025\/12\/portrait-en-noir-et-blanc-d-un-athlete-participant-aux-championnats-olympiques-1-scaled.jpg 1707w\" sizes=\"(max-width: 683px) 100vw, 683px\" \/>\t\t\t\t\t\t\t\t\t\t\t\t\t\t\t<\/div>\n\t\t\t\t<\/div>\n\t\t\t\t<\/div>\n\t\t<div class=\"elementor-element elementor-element-5c1e69f e-flex e-con-boxed e-con e-parent\" data-id=\"5c1e69f\" data-element_type=\"container\">\n\t\t\t\t\t<div class=\"e-con-inner\">\n\t\t\t\t<div class=\"elementor-element elementor-element-09c2f8b elementor-widget-divider--view-line elementor-widget elementor-widget-divider\" data-id=\"09c2f8b\" data-element_type=\"widget\" data-widget_type=\"divider.default\">\n\t\t\t\t\t\t\t<div class=\"elementor-divider\">\n\t\t\t<span class=\"elementor-divider-separator\">\n\t\t\t\t\t\t<\/span>\n\t\t<\/div>\n\t\t\t\t\t\t<\/div>\n\t\t\t\t\t<\/div>\n\t\t\t\t<\/div>\n\t\t<div class=\"elementor-element elementor-element-f2d3db2 e-con-full e-flex e-con e-parent\" data-id=\"f2d3db2\" data-element_type=\"container\">\n\t\t<div class=\"elementor-element elementor-element-867581d e-con-full e-flex e-con e-child\" data-id=\"867581d\" data-element_type=\"container\">\n\t\t\t\t<div class=\"elementor-element elementor-element-fbb6fb4 elementor-widget__width-initial elementor-widget elementor-widget-image\" data-id=\"fbb6fb4\" data-element_type=\"widget\" data-widget_type=\"image.default\">\n\t\t\t\t\t\t\t\t\t\t\t\t\t\t\t<img loading=\"lazy\" decoding=\"async\" width=\"683\" height=\"1024\" src=\"http:\/\/espcoaching.fr\/wp-content\/uploads\/2025\/12\/portrait-en-noir-et-blanc-d-un-athlete-participant-aux-championnats-olympiques-1-683x1024.jpg\" class=\"attachment-large size-large wp-image-110\" alt=\"\" srcset=\"http:\/\/espcoaching.fr\/wp-content\/uploads\/2025\/12\/portrait-en-noir-et-blanc-d-un-athlete-participant-aux-championnats-olympiques-1-683x1024.jpg 683w, http:\/\/espcoaching.fr\/wp-content\/uploads\/2025\/12\/portrait-en-noir-et-blanc-d-un-athlete-participant-aux-championnats-olympiques-1-scaled-600x900.jpg 600w, http:\/\/espcoaching.fr\/wp-content\/uploads\/2025\/12\/portrait-en-noir-et-blanc-d-un-athlete-participant-aux-championnats-olympiques-1-200x300.jpg 200w, http:\/\/espcoaching.fr\/wp-content\/uploads\/2025\/12\/portrait-en-noir-et-blanc-d-un-athlete-participant-aux-championnats-olympiques-1-768x1152.jpg 768w, http:\/\/espcoaching.fr\/wp-content\/uploads\/2025\/12\/portrait-en-noir-et-blanc-d-un-athlete-participant-aux-championnats-olympiques-1-1024x1536.jpg 1024w, http:\/\/espcoaching.fr\/wp-content\/uploads\/2025\/12\/portrait-en-noir-et-blanc-d-un-athlete-participant-aux-championnats-olympiques-1-1365x2048.jpg 1365w, http:\/\/espcoaching.fr\/wp-content\/uploads\/2025\/12\/portrait-en-noir-et-blanc-d-un-athlete-participant-aux-championnats-olympiques-1-scaled.jpg 1707w\" sizes=\"(max-width: 683px) 100vw, 683px\" \/>\t\t\t\t\t\t\t\t\t\t\t\t\t\t\t<\/div>\n\t\t\t\t<\/div>\n\t\t<div class=\"elementor-element elementor-element-a0955e2 e-con-full e-flex e-con e-child\" data-id=\"a0955e2\" data-element_type=\"container\">\n\t\t\t\t<div class=\"elementor-element elementor-element-45a7e14 elementor-widget__width-initial elementor-widget elementor-widget-heading\" data-id=\"45a7e14\" data-element_type=\"widget\" data-widget_type=\"heading.default\">\n\t\t\t\t\t<h2 class=\"elementor-heading-title elementor-size-default\">Atteindre un objectif pr\u00e9cis<\/h2>\t\t\t\t<\/div>\n\t\t\t\t<div class=\"elementor-element elementor-element-7b13285 elementor-widget__width-initial elementor-widget elementor-widget-text-editor\" data-id=\"7b13285\" data-element_type=\"widget\" data-widget_type=\"text-editor.default\">\n\t\t\t\t\t\t\t\t\t<p data-start=\"105\" data-end=\"178\"><strong data-start=\"105\" data-end=\"142\">Un 10 km en moins de 40 minutes ?<\/strong> <strong data-start=\"145\" data-end=\"176\">Un Hyrox en moins de 1h15 ?<\/strong><\/p><p data-start=\"180\" data-end=\"480\">Atteignez vos objectifs gr\u00e2ce \u00e0 des <strong data-start=\"216\" data-end=\"258\">programmes d\u2019entra\u00eenement cl\u00e9s en main<\/strong>, con\u00e7us pour \u00eatre suivis <strong data-start=\"284\" data-end=\"306\">en toute autonomie<\/strong>.<br data-start=\"307\" data-end=\"310\" \/>Chaque plan est structur\u00e9 autour d\u2019un <strong data-start=\"348\" data-end=\"367\">objectif pr\u00e9cis<\/strong>, avec une <strong data-start=\"378\" data-end=\"401\">progression logique<\/strong>, des <strong data-start=\"407\" data-end=\"426\" data-is-only-node=\"\">s\u00e9ances cibl\u00e9es<\/strong> et des <strong data-start=\"434\" data-end=\"452\">rep\u00e8res clairs<\/strong> pour mesurer vos progr\u00e8s.<\/p><p data-start=\"482\" data-end=\"732\">Vous b\u00e9n\u00e9ficiez d\u2019une <strong data-start=\"504\" data-end=\"536\">m\u00e9thode efficace et \u00e9prouv\u00e9e<\/strong>, pens\u00e9e pour <strong data-start=\"550\" data-end=\"580\">optimiser vos performances<\/strong> tout en respectant <strong data-start=\"600\" data-end=\"616\">votre niveau<\/strong> et <strong data-start=\"620\" data-end=\"636\">votre rythme<\/strong>, afin de vous entra\u00eener avec <strong data-start=\"666\" data-end=\"679\">confiance<\/strong>, <strong data-start=\"681\" data-end=\"695\">efficacit\u00e9<\/strong> et <strong data-start=\"699\" data-end=\"711\">s\u00e9r\u00e9nit\u00e9<\/strong> jusqu\u2019au <strong data-start=\"721\" data-end=\"731\">jour J<\/strong><\/p>\t\t\t\t\t\t\t\t<\/div>\n\t\t\t\t<div class=\"elementor-element elementor-element-957ea53 elementor-widget elementor-widget-button\" data-id=\"957ea53\" data-element_type=\"widget\" data-widget_type=\"button.default\">\n\t\t\t\t\t\t\t\t\t\t<a class=\"elementor-button elementor-button-link elementor-size-sm\" href=\"\">\n\t\t\t\t\t\t<span class=\"elementor-button-content-wrapper\">\n\t\t\t\t\t\t\t\t\t<span class=\"elementor-button-text\">Les programmes disponibles<\/span>\n\t\t\t\t\t<\/span>\n\t\t\t\t\t<\/a>\n\t\t\t\t\t\t\t\t<\/div>\n\t\t\t\t<\/div>\n\t\t\t\t<\/div>\n\t\t\t\t<\/div>\n\t\t","protected":false},"excerpt":{"rendered":"<p>Coaching personnalis\u00e9 Chaque s\u00e9ance est soigneusement pens\u00e9e pour vous, en fonction de vos capacit\u00e9s, de vos objectifs et de votre [&hellip;]<\/p>\n","protected":false},"author":1,"featured_media":0,"parent":0,"menu_order":0,"comment_status":"closed","ping_status":"closed","template":"elementor_theme","meta":{"site-sidebar-layout":"default","site-content-layout":"","ast-site-content-layout":"default","site-content-style":"default","site-sidebar-style":"default","ast-global-header-display":"","ast-banner-title-visibility":"","ast-main-header-display":"","ast-hfb-above-header-display":"","ast-hfb-below-header-display":"","ast-hfb-mobile-header-display":"","site-post-title":"disabled","ast-breadcrumbs-content":"","ast-featured-img":"","footer-sml-layout":"","ast-disable-related-posts":"","theme-transparent-header-meta":"","adv-header-id-meta":"","stick-header-meta":"","header-above-stick-meta":"","header-main-stick-meta":"","header-below-stick-meta":"","astra-migrate-meta-layouts":"default","ast-page-background-enabled":"default","ast-page-background-meta":{"desktop":{"background-color":"var(--ast-global-color-5)","background-image":"","background-repeat":"repeat","background-position":"center center","background-size":"auto","background-attachment":"scroll","background-type":"","background-media":"","overlay-type":"","overlay-color":"","overlay-opacity":"","overlay-gradient":""},"tablet":{"background-color":"","background-image":"","background-repeat":"repeat","background-position":"center center","background-size":"auto","background-attachment":"scroll","background-type":"","background-media":"","overlay-type":"","overlay-color":"","overlay-opacity":"","overlay-gradient":""},"mobile":{"background-color":"","background-image":"","background-repeat":"repeat","background-position":"center center","background-size":"auto","background-attachment":"scroll","background-type":"","background-media":"","overlay-type":"","overlay-color":"","overlay-opacity":"","overlay-gradient":""}},"ast-content-background-meta":{"desktop":{"background-color":"var(--ast-global-color-4)","background-image":"","background-repeat":"repeat","background-position":"center center","background-size":"auto","background-attachment":"scroll","background-type":"","background-media":"","overlay-type":"","overlay-color":"","overlay-opacity":"","overlay-gradient":""},"tablet":{"background-color":"var(--ast-global-color-4)","background-image":"","background-repeat":"repeat","background-position":"center center","background-size":"auto","background-attachment":"scroll","background-type":"","background-media":"","overlay-type":"","overlay-color":"","overlay-opacity":"","overlay-gradient":""},"mobile":{"background-color":"var(--ast-global-color-4)","background-image":"","background-repeat":"repeat","background-position":"center center","background-size":"auto","background-attachment":"scroll","background-type":"","background-media":"","overlay-type":"","overlay-color":"","overlay-opacity":"","overlay-gradient":""}},"footnotes":""},"class_list":["post-147","page","type-page","status-publish","hentry"],"_links":{"self":[{"href":"https:\/\/espcoaching.fr\/index.php\/wp-json\/wp\/v2\/pages\/147","targetHints":{"allow":["GET"]}}],"collection":[{"href":"https:\/\/espcoaching.fr\/index.php\/wp-json\/wp\/v2\/pages"}],"about":[{"href":"https:\/\/espcoaching.fr\/index.php\/wp-json\/wp\/v2\/types\/page"}],"author":[{"embeddable":true,"href":"https:\/\/espcoaching.fr\/index.php\/wp-json\/wp\/v2\/users\/1"}],"replies":[{"embeddable":true,"href":"https:\/\/espcoaching.fr\/index.php\/wp-json\/wp\/v2\/comments?post=147"}],"version-history":[{"count":75,"href":"https:\/\/espcoaching.fr\/index.php\/wp-json\/wp\/v2\/pages\/147\/revisions"}],"predecessor-version":[{"id":292,"href":"https:\/\/espcoaching.fr\/index.php\/wp-json\/wp\/v2\/pages\/147\/revisions\/292"}],"wp:attachment":[{"href":"https:\/\/espcoaching.fr\/index.php\/wp-json\/wp\/v2\/media?parent=147"}],"curies":[{"name":"wp","href":"https:\/\/api.w.org\/{rel}","templated":true}]}}